{"id":2574,"date":"2022-01-21T19:29:49","date_gmt":"2022-01-21T18:29:49","guid":{"rendered":"https:\/\/informatiquedelavallee.fr\/?post_type=product&#038;p=2574"},"modified":"2025-05-24T14:14:31","modified_gmt":"2025-05-24T13:14:31","slug":"depannage-informatique-sursite-pro","status":"publish","type":"product","link":"https:\/\/informatiquedelavallee.fr\/index.php\/product\/depannage-informatique-sursite-pro\/","title":{"rendered":"D\u00e9pannage informatique pour les pros"},"content":{"rendered":"<p><strong>Informatique de la vall\u00e9e<\/strong> intervient pour les besoins des professionnels pour les d\u00e9pannages informatiques suivants<\/p>\n<ul>\n<li>Contr\u00f4ler un onduleur.<\/li>\n<li>D\u00e9panner un ordinateur fixe ou portable.<\/li>\n<li>Diagnostiquer une connexion \u00e0 internet trop lente.<\/li>\n<li>Connecter un appareil en WIFI ou installer un point d&rsquo;acc\u00e8s WIFI suppl\u00e9mentaire.<\/li>\n<li>Installer une imprimante, <a href=\"https:\/\/fr.wikipedia.org\/wiki\/Serveur_de_stockage_en_r%C3%A9seau\" target=\"_blank\" rel=\"noopener\">un serveur NAS<\/a>, une webcam.<\/li>\n<li>R\u00e9cup\u00e9rer des donn\u00e9es sur un disque dur.<\/li>\n<li>etc<\/li>\n<\/ul>\n<p>Intervention \u00e0 distance ou sur site, nous nous d\u00e9pla\u00e7ons si le probl\u00e8me n\u00e9cessite d&rsquo;intervenir sur place.<\/p>\n<p>Tarif horaire indivisible<\/p>\n<p>Pas de frais kilom\u00e9trique pour les entreprises de la commune de Brion, de Beaufort en Anjou, et de Longu\u00e9 Jumelles.<\/p>\n<p>+15 \u20ac de Frais kilom\u00e9triques pour les autres communes de la carte voir ci dessous<\/p>\n<p style=\"text-align: left;\"><strong>IMPORTANT : Sur rendez-vous.<\/strong><\/p>\n<p>Nouveau : <a href=\"https:\/\/calendar.app.google\/WVUgxxnfg7LbCd9A9\" target=\"_blank\" rel=\"noopener nofollow\">Prenez rendez-vous ici (Agenda Google)<\/a>.<\/p>\n<p>A noter que nous pouvons intervenir en marque blanche pour vos clients pour le compte de votre entreprise.<\/p>\n<p>Voici les communes prises en charge :<\/p>\n<p><img data-recalc-dims=\"1\" fetchpriority=\"high\" decoding=\"async\" class=\"alignnone wp-image-1379 size-full\" src=\"https:\/\/i0.wp.com\/informatiquedelavallee.fr\/wp-content\/uploads\/2019\/01\/intervention.jpg?resize=931%2C898&#038;ssl=1\" alt=\"\" width=\"931\" height=\"898\" srcset=\"https:\/\/i0.wp.com\/informatiquedelavallee.fr\/wp-content\/uploads\/2019\/01\/intervention.jpg?w=931&amp;ssl=1 931w, https:\/\/i0.wp.com\/informatiquedelavallee.fr\/wp-content\/uploads\/2019\/01\/intervention.jpg?resize=300%2C289&amp;ssl=1 300w, https:\/\/i0.wp.com\/informatiquedelavallee.fr\/wp-content\/uploads\/2019\/01\/intervention.jpg?resize=768%2C741&amp;ssl=1 768w, https:\/\/i0.wp.com\/informatiquedelavallee.fr\/wp-content\/uploads\/2019\/01\/intervention.jpg?resize=600%2C579&amp;ssl=1 600w\" sizes=\"(max-width: 931px) 100vw, 931px\" \/><\/p>\n<p style=\"text-align: center;\"><em>\u00a0<\/em><\/p>\n","protected":false},"excerpt":{"rendered":"<p>D\u00e9pannage informatique pour les professionnels<\/p>\n","protected":false},"featured_media":2578,"comment_status":"closed","ping_status":"closed","template":"","meta":{"om_disable_all_campaigns":false,"_monsterinsights_skip_tracking":false,"_monsterinsights_sitenote_active":false,"_monsterinsights_sitenote_note":"","_monsterinsights_sitenote_category":0,"site-sidebar-layout":"default","site-content-layout":"default","ast-site-content-layout":"default","site-content-style":"default","site-sidebar-style":"default","ast-global-header-display":"","ast-banner-title-visibility":"","ast-main-header-display":"","ast-hfb-above-header-display":"","ast-hfb-below-header-display":"","ast-hfb-mobile-header-display":"","site-post-title":"","ast-breadcrumbs-content":"","ast-featured-img":"","footer-sml-layout":"","ast-disable-related-posts":"","theme-transparent-header-meta":"default","adv-header-id-meta":"","stick-header-meta":"","header-above-stick-meta":"","header-main-stick-meta":"","header-below-stick-meta":"","astra-migrate-meta-layouts":"set","ast-page-background-enabled":"default","ast-page-background-meta":{"desktop":{"background-color":"","background-image":"","background-repeat":"repeat","background-position":"center center","background-size":"auto","background-attachment":"scroll","background-type":"","background-media":"","overlay-type":"","overlay-color":"","overlay-opacity":"","overlay-gradient":""},"tablet":{"background-color":"","background-image":"","background-repeat":"repeat","background-position":"center center","background-size":"auto","background-attachment":"scroll","background-type":"","background-media":"","overlay-type":"","overlay-color":"","overlay-opacity":"","overlay-gradient":""},"mobile":{"background-color":"","background-image":"","background-repeat":"repeat","background-position":"center center","background-size":"auto","background-attachment":"scroll","background-type":"","background-media":"","overlay-type":"","overlay-color":"","overlay-opacity":"","overlay-gradient":""}},"ast-content-background-meta":{"desktop":{"background-color":"var(--ast-global-color-5)","background-image":"","background-repeat":"repeat","background-position":"center center","background-size":"auto","background-attachment":"scroll","background-type":"","background-media":"","overlay-type":"","overlay-color":"","overlay-opacity":"","overlay-gradient":""},"tablet":{"background-color":"var(--ast-global-color-5)","background-image":"","background-repeat":"repeat","background-position":"center center","background-size":"auto","background-attachment":"scroll","background-type":"","background-media":"","overlay-type":"","overlay-color":"","overlay-opacity":"","overlay-gradient":""},"mobile":{"background-color":"var(--ast-global-color-5)","background-image":"","background-repeat":"repeat","background-position":"center center","background-size":"auto","background-attachment":"scroll","background-type":"","background-media":"","overlay-type":"","overlay-color":"","overlay-opacity":"","overlay-gradient":""}}},"product_brand":[],"product_cat":[22],"product_tag":[],"class_list":{"0":"post-2574","1":"product","2":"type-product","3":"status-publish","4":"has-post-thumbnail","6":"product_cat-prestations","7":"desktop-align-left","8":"tablet-align-left","9":"mobile-align-left","11":"first","12":"instock","13":"featured","14":"virtual","15":"purchasable","16":"product-type-simple"},"aioseo_notices":[],"jetpack_sharing_enabled":true,"_links":{"self":[{"href":"https:\/\/informatiquedelavallee.fr\/index.php\/wp-json\/wp\/v2\/product\/2574","targetHints":{"allow":["GET"]}}],"collection":[{"href":"https:\/\/informatiquedelavallee.fr\/index.php\/wp-json\/wp\/v2\/product"}],"about":[{"href":"https:\/\/informatiquedelavallee.fr\/index.php\/wp-json\/wp\/v2\/types\/product"}],"replies":[{"embeddable":true,"href":"https:\/\/informatiquedelavallee.fr\/index.php\/wp-json\/wp\/v2\/comments?post=2574"}],"wp:featuredmedia":[{"embeddable":true,"href":"https:\/\/informatiquedelavallee.fr\/index.php\/wp-json\/wp\/v2\/media\/2578"}],"wp:attachment":[{"href":"https:\/\/informatiquedelavallee.fr\/index.php\/wp-json\/wp\/v2\/media?parent=2574"}],"wp:term":[{"taxonomy":"product_brand","embeddable":true,"href":"https:\/\/informatiquedelavallee.fr\/index.php\/wp-json\/wp\/v2\/product_brand?post=2574"},{"taxonomy":"product_cat","embeddable":true,"href":"https:\/\/informatiquedelavallee.fr\/index.php\/wp-json\/wp\/v2\/product_cat?post=2574"},{"taxonomy":"product_tag","embeddable":true,"href":"https:\/\/informatiquedelavallee.fr\/index.php\/wp-json\/wp\/v2\/product_tag?post=2574"}],"curies":[{"name":"wp","href":"https:\/\/api.w.org\/{rel}","templated":true}]}}