{"id":4123,"date":"2022-09-08T19:28:41","date_gmt":"2022-09-08T18:28:41","guid":{"rendered":"https:\/\/informatiquedelavallee.fr\/?post_type=product&#038;p=4123"},"modified":"2025-08-19T08:18:20","modified_gmt":"2025-08-19T07:18:20","slug":"location-de-video-projecteur","status":"publish","type":"product","link":"https:\/\/informatiquedelavallee.fr\/index.php\/product\/location-de-video-projecteur\/","title":{"rendered":"Location de vid\u00e9o projecteur"},"content":{"rendered":"<p>Informatique de la Vall\u00e9e vous propose la location de vid\u00e9o projecteur pour vos \u00e9v\u00e8nements comme les mariages, anniversaires, soir\u00e9es, bapt\u00eames etc.<\/p>\n<p>Information technique du mat\u00e9riel lou\u00e9 :<\/p>\n<p>Prise VGA (adaptateur HDMI fourni si besoin)<\/p>\n<p>R\u00e9solution Native : 800 x 600<br \/>\nR\u00e9solutions support\u00e9es :<br \/>\n&#8211; 640 x 350 (VGA)<br \/>\n&#8211; 1280&#215;1024 (SXGA)<br \/>\nLuminosit\u00e9 (max.) : 2000 Lumens ANSI<br \/>\nTaux de contraste : 2000:1<\/p>\n<p>Attention en plein jour, la puissance de ce vid\u00e9oprojecteur ne permet pas une projection optimale. Nous conseillons de fermer les rideaux et d&rsquo;\u00e9teindre la lumi\u00e8re pendant votre projection.<\/p>\n<p>Ch\u00e8que de d\u00e9p\u00f4t de caution : 150\u20ac et copie d&rsquo;une pi\u00e8ce d&rsquo;identit\u00e9 par mail.<\/p>\n<p>Nouveau pour r\u00e9cup\u00e9rer et redonner le mat\u00e9riel : <a href=\"https:\/\/calendar.app.google\/WVUgxxnfg7LbCd9A9\" target=\"_blank\" rel=\"noopener nofollow\">Prenez rendez-vous ici (Agenda Google)<\/a>.<\/p>\n","protected":false},"excerpt":{"rendered":"<p>Louez votre vid\u00e9oprojecteur \u00e0 la journ\u00e9e<\/p>\n","protected":false},"featured_media":1296,"comment_status":"open","ping_status":"closed","template":"","meta":{"om_disable_all_campaigns":false,"_monsterinsights_skip_tracking":false,"_monsterinsights_sitenote_active":false,"_monsterinsights_sitenote_note":"","_monsterinsights_sitenote_category":0,"site-sidebar-layout":"default","site-content-layout":"default","ast-site-content-layout":"default","site-content-style":"default","site-sidebar-style":"default","ast-global-header-display":"","ast-banner-title-visibility":"","ast-main-header-display":"","ast-hfb-above-header-display":"","ast-hfb-below-header-display":"","ast-hfb-mobile-header-display":"","site-post-title":"","ast-breadcrumbs-content":"","ast-featured-img":"","footer-sml-layout":"","ast-disable-related-posts":"","theme-transparent-header-meta":"default","adv-header-id-meta":"","stick-header-meta":"","header-above-stick-meta":"","header-main-stick-meta":"","header-below-stick-meta":"","astra-migrate-meta-layouts":"default","ast-page-background-enabled":"default","ast-page-background-meta":{"desktop":{"background-color":"","background-image":"","background-repeat":"repeat","background-position":"center center","background-size":"auto","background-attachment":"scroll","background-type":"","background-media":"","overlay-type":"","overlay-color":"","overlay-opacity":"","overlay-gradient":""},"tablet":{"background-color":"","background-image":"","background-repeat":"repeat","background-position":"center center","background-size":"auto","background-attachment":"scroll","background-type":"","background-media":"","overlay-type":"","overlay-color":"","overlay-opacity":"","overlay-gradient":""},"mobile":{"background-color":"","background-image":"","background-repeat":"repeat","background-position":"center center","background-size":"auto","background-attachment":"scroll","background-type":"","background-media":"","overlay-type":"","overlay-color":"","overlay-opacity":"","overlay-gradient":""}},"ast-content-background-meta":{"desktop":{"background-color":"var(--ast-global-color-5)","background-image":"","background-repeat":"repeat","background-position":"center center","background-size":"auto","background-attachment":"scroll","background-type":"","background-media":"","overlay-type":"","overlay-color":"","overlay-opacity":"","overlay-gradient":""},"tablet":{"background-color":"var(--ast-global-color-5)","background-image":"","background-repeat":"repeat","background-position":"center center","background-size":"auto","background-attachment":"scroll","background-type":"","background-media":"","overlay-type":"","overlay-color":"","overlay-opacity":"","overlay-gradient":""},"mobile":{"background-color":"var(--ast-global-color-5)","background-image":"","background-repeat":"repeat","background-position":"center center","background-size":"auto","background-attachment":"scroll","background-type":"","background-media":"","overlay-type":"","overlay-color":"","overlay-opacity":"","overlay-gradient":""}}},"product_brand":[],"product_cat":[22],"product_tag":[],"class_list":{"0":"post-4123","1":"product","2":"type-product","3":"status-publish","4":"has-post-thumbnail","6":"product_cat-prestations","7":"desktop-align-left","8":"tablet-align-left","9":"mobile-align-left","11":"first","12":"instock","13":"purchasable","14":"product-type-variable"},"aioseo_notices":[],"jetpack_sharing_enabled":true,"_links":{"self":[{"href":"https:\/\/informatiquedelavallee.fr\/index.php\/wp-json\/wp\/v2\/product\/4123","targetHints":{"allow":["GET"]}}],"collection":[{"href":"https:\/\/informatiquedelavallee.fr\/index.php\/wp-json\/wp\/v2\/product"}],"about":[{"href":"https:\/\/informatiquedelavallee.fr\/index.php\/wp-json\/wp\/v2\/types\/product"}],"replies":[{"embeddable":true,"href":"https:\/\/informatiquedelavallee.fr\/index.php\/wp-json\/wp\/v2\/comments?post=4123"}],"wp:featuredmedia":[{"embeddable":true,"href":"https:\/\/informatiquedelavallee.fr\/index.php\/wp-json\/wp\/v2\/media\/1296"}],"wp:attachment":[{"href":"https:\/\/informatiquedelavallee.fr\/index.php\/wp-json\/wp\/v2\/media?parent=4123"}],"wp:term":[{"taxonomy":"product_brand","embeddable":true,"href":"https:\/\/informatiquedelavallee.fr\/index.php\/wp-json\/wp\/v2\/product_brand?post=4123"},{"taxonomy":"product_cat","embeddable":true,"href":"https:\/\/informatiquedelavallee.fr\/index.php\/wp-json\/wp\/v2\/product_cat?post=4123"},{"taxonomy":"product_tag","embeddable":true,"href":"https:\/\/informatiquedelavallee.fr\/index.php\/wp-json\/wp\/v2\/product_tag?post=4123"}],"curies":[{"name":"wp","href":"https:\/\/api.w.org\/{rel}","templated":true}]}}